 base 10
167
Convert 100100111 (base 2) to base 13.
199
b (base 14) to base 11
10
What is 21 (base 10) in base 14?
17
13 (base 11) to base 9
15
Convert -84 (base 15) to base 9.
-147
12 (base 5) to base 15
7
Convert -1 (base 13) to base 14.
-1
-1 (base 13) to base 12
-1
What is -14 (base 6) in base 7?
-13
-111111 (base 2) to base 4
-333
What is 0 (base 6) in base 15?
0
What is 434 (base 8) in base 9?
345
Convert 4 (base 5) to base 15.
4
Convert 3 (base 16) to base 15.
3
What is 2332 (base 4) in base 12?
13a
Convert 223 (base 4) to base 7.
61
-43 (base 11) to base 5
-142
What is 8 (base 12) in base 14?
8
What is 2 (base 9) in base 15?
2
Convert 93 (base 16) to base 12.
103
What is -8 (base 10) in base 7?
-11
Convert 3 (base 4) to base 2.
11
What is 0 (base 15) in base 14?
0
1e (base 15) to base 13
23
Convert 342 (base 5) to base 8.
141
Convert -8 (base 9) to base 2.
-1000
3 (base 9) to base 6
3
-31 (base 5) to base 16
-10
-3 (base 9) to base 7
-3
What is -16 (base 7) in base 13?
-10
What is 0 (base 11) in base 12?
0
5 (base 9) to base 14
5
What is -15 (base 8) in base 7?
-16
What is 3 (base 5) in base 11?
3
What is -6 (base 14) in base 6?
-10
Convert 2 (base 10) to base 5.
2
What is -4 (base 9) in base 14?
-4
Convert -1 (base 8) to base 7.
-1
46 (base 7) to base 2
100010
What is 0 (base 9) in base 13?
0
Convert 34 (base 5) to base 10.
19
Convert 1 (base 13) to base 10.
1
-1 (base 8) to base 15
-1
What is 1 (base 4) in base 2?
1
Convert 25 (base 14) to base 3.
1020
What is -1 (base 15) in base 3?
-1
-37 (base 9) to base 5
-114
-fc (base 16) to base 12
-190
Convert -1 (base 15) to base 2.
-1
Convert 11 (base 13) to base 8.
16
What is 1100 (base 2) in base 3?
110
Convert 15 (base 10) to base 8.
17
What is -1011110 (base 2) in base 7?
-163
Convert 171 (base 10) to base 3.
20100
-130 (base 6) to base 11
-4a
1 (base 14) to base 7
1
Convert 5 (base 11) to base 9.
5
What is 10 (base 7) in base 15?
7
What is -32 (base 7) in base 15?
-18
0 (base 9) to base 6
0
What is -111 (base 7) in base 3?
-2010
What is 18 (base 10) in base 6?
30
What is 3 (base 5) in base 8?
3
Convert b (base 14) to base 6.
15
67 (base 8) to base 6
131
-42 (base 5) to base 4
-112
11 (base 3) to base 5
4
Convert -174 (base 12) to base 10.
-232
What is -12 (base 5) in base 16?
-7
What is -1100100 (base 2) in base 5?
-400
What is -10 (base 3) in base 4?
-3
6 (base 9) to base 5
11
Convert 1022 (base 3) to base 16.
23
What is -5 (base 11) in base 14?
-5
What is -112 (base 10) in base 9?
-134
What is -16 (base 12) in base 15?
-13
Convert -101101 (base 2) to base 15.
-30
What is -1011 (base 2) in base 9?
-12
What is 222 (base 5) in base 10?
62
What is -6 (base 11) in base 4?
-12
Convert -6 (base 16) to base 13.
-6
-11 (base 2) to base 12
-3
What is -2 (base 16) in base 7?
-2
Convert -55 (base 9) to base 12.
-42
Convert 3 (base 12) to base 15.
3
What is -7 (base 15) in base 13?
-7
Convert 34 (base 8) to base 7.
40
What is 30 (base 5) in base 16?
f
What is 4 (base 10) in base 11?
4
What is 23 (base 4) in base 8?
13
What is -5 (base 9) in base 16?
-5
Convert -12 (base 5) to base 14.
-7
What is -27 (base 11) in base 13?
-23
Convert -129 (base 10) to base 5.
-1004
Convert 55 (base 6) to base 7.
50
133 (base 4) to base 11
29
2 (base 6) to base 8
2
What is 15 (base 15) in base 2?
10100
2 (base 7) to base 3
2
-120 (base 4) to base 9
-26
Convert -110 (base 3) to base 12.
-10
What is 2 (base 10) in base 13?
2
0 (base 2) to base 10
0
What is -84 (base 12) in base 4?
-1210
11 (base 14) to base 10
15
What is 10 (base 3) in base 16?
3
What is 51 (base 6) in base 2?
11111
6 (base 16) to base 7
6
Convert -10 (base 3) to base 5.
-3
11 (base 12) to base 8
15
31 (base 4) to base 7
16
0 (base 12) to base 13
0
-70 (base 10) to base 6
-154
Convert -133 (base 8) to base 12.
-77
Convert 34 (base 8) to base 10.
28
What is a (base 11) in base 5?
20
What is -64 (base 13) in base 14?
-5c
Convert -1101 (base 4) to base 10.
-81
What is 20 (base 14) in base 8?
34
What is 6 (base 16) in base 2?
110
-63 (base 16) to base 9
-120
Convert 0 (base 10) to base 6.
0
0 (base 12) to base 14
0
What is 56 (base 9) in base 7?
102
Convert -3 (base 7) to base 13.
-3
Convert -2c (base 13) to base 6.
-102
Convert -12 (base 5) to base 4.
-13
Convert 33 (base 10) to base 2.
100001
What is 2 (base 6) in base 16?
2
What is 28 (base 9) in base 11?
24
Convert -2 (base 8) to base 13.
-2
25 (base 8) to base 3
210
What is 5c (base 14) in base 10?
82
3 (base 12) to base 16
3
-11 (base 8) to base 7
-12
Convert 5 (base 13) to base 14.
5
-40 (base 10) to base 4
-220
515 (base 6) to base 2
10111111
Convert -3 (base 12) to base 9.
-3
Convert -3 (base 4) to base 6.
-3
Convert 251 (base 6) to base 13.
7c
Convert -24 (base 5) to base 10.
-14
Convert 3 (base 5) to base 13.
3
What is 10 (base 3) in base 15?
3
-16 (base 16) to base 6
-34
15 (base 12) to base 4
101
-33 (base 4) to base 7
-21
Convert -31 (base 11) to base 5.
-114
122 (base 5) to base 11
34
Convert -2 (base 14) to base 2.
-10
What is 2 (base 5) in base 14?
2
What is -3 (base 11) in base 14?
-3
-1 (base 11) to base 12
-1
-211 (base 3) to base 10
-22
Convert 44 (base 7) to base 11.
2a
Convert 12 (base 16) to base 3.
200
3 (base 11) to base 14
3
Convert 6 (base 10) to base 13.
6
What is -17 (base 11) in base 10?
-18
What is 3 (base 6) in base 2?
11
What is 90 (base 13) in base 9?
140
What is -110 (base 2) in base 15?
-6
-124 (base 5) to base 15
-29
3 (base 13) to base 5
3
What is 12 (base 7) in base 16?
9
Convert -200 (base 5) to base 16.
-32
What is 2012 (base 3) in base 11?
54
-17 (base 9) to base 6
-24
What is 371 (base 10) in base 6?
1415
Convert -20 (base 3) to base 9.
-6
Convert 11 (base 5) to base 6.
10
20 (base 4) to base 8
10
41 (base 5) to base 11
1a
20 (base 6) to base 13
c
What is 1 (base 3) in base 14?
1
What is -168 (base 10) in base 6?
-440
What is 163 (base 9) in base 5?
1023
What is 110 (base 2) in base 13?
6
Convert -137 (base 8) to base 4.
-1133
What is 1 (base 10) in base 6?
1
Convert 22 (base 3) to base 15.
8
Convert -2d (base 14) to base 10.
-41
136 (base 10) to base 7
253
Convert -1214 (base 5) to base 3.
-20211
10 (base 11) to base 5
21
What is 10 (base 2) in base 6?
2
What is -1a (base 11) in base 5?
-41
What is 11 (base 15) in base 14?
12
What is 25 (base 15) in base 9?
38
Convert 40 (base 6) to base 7.
33
Convert -11 (base 6) to base 8.
-7
Convert 2 (base 14) to base 6.
2
3 (base 10) to base 8
3
-1 (base 3) to base 11
-1
What is 24 (base 10) in base 5?
44
-100000 (base 2) to base 15
-22
What is -101001 (base 3) in base 2?
-100001111
-2 (base 5) to base 15
-2
Convert -6 (base 11) to base 13.
-6
Convert -3 (base 6) to base 4.
-3
-1 (base 12) to base 13
-1
What is -11 (base 5) in base 9?
-6
14 (base 7) to base 2
1011
20 (base 11) to base 13
19
-4 (base 15) to base 9
-4
-17 (base 8) to base 5
-30
What is 8 (base 16) in base 2?
1000
Convert 10100 (base 2) to base 7.
26
What is -a (base 14) in base 13?
-a
-6 (base 16) to base 11
-6
What is 21 (base 3) in base 10?
7
What is -2 (base 13) in base 7?
-2
-10 (base 5) to base 2
-101
120 (base 3) to base 9
16
What is 1 (base 16) in base 3?
1
Convert 12 (base 8) to base 4.
22
0 (base 9) to base 10
0
What is -5 (base 11) in base 8?
-5
Convert b (base 16) to base 4.
23
Convert -9 (base 13) to base 15.
-9
-1000 (base 3) to base 5
-102
-1a (base 11) to base 14
-17
Convert 3 (base 11) to base 7.
3
What is 1110 (base 3) in base 15?
29
Convert -202 (base 3) to base 10.
-20
What is 5 (base 7) in base 16?
5
What is 253 (base 9) in base 12?
156
Convert 28 (base 15) to base 6.
102
What is -2 (base 7) in base 16?
-2
What is -3 (base 6) in base 11?
-3
Convert -1 (base 15) to base 12.
-1
10 (base 9) to base 4
21
-111 (base 2) to base 11
-7
Convert 2211 (base 5) to base 8.
462
Convert 5 (base 12) to base 13.
5
What is 3 (base 15) in base 16?
3
6b (base 15) to base 8
145
What is -6 (base 15) in base 12?
-6
What is 1101010 (base 2) in base 10?
106
Convert 1e (base 16) to base 9.
33
What is -4 (base 14) in base 7?
-4
What is -15 (base 10) in base 12?
-13
-10 (base 4) to base 15
-4
42 (base 14) to base 9
64
1 (base 15) to base 12
1
Convert -1a (base 14) to base 2.
-11000
What is 1 (base 4) in base 5?
1
Convert -3233 (base 4) to base 7.
-461
-5 (base